= -u + 1, 0 = 3*m - 0*m + 2*u - 1313. What is the highest common factor of m and 38?
19
Suppose -3*x + 2*d + 56 = 0, -3*x - 58 = -6*x + d. Let w = x + -4. Calculate the greatest common divisor of 24 and w.
8
Let j be 1/(-2) - 92/(-8). Let d = -7 + j. Suppose -3*x - x = -2*t, -4*t - 2*x = -40. Calculate the highest common divisor of t and d.
4
Let t(h) = 2*h**2 + 14*h - 22. Let d be t(-11). What is the greatest common factor of d and 176?
22
Let i(c) = c**3 + 10*c**2 + 8*c - 5. Let h be i(-9). Suppose z - 114 = -a, 0 = -3*z + h*z + 3*a - 122. Calculate the greatest common factor of 22 and z.
22
Let a(y) = y**3 - 2*y - 2. Let g be a(4). Suppose -3*c - 16 + 136 = 4*t, -51 = -c - 5*t. What is the highest common factor of g and c?
18
Suppose 4*y = -5*r + 55, -22 = -6*r + 4*r + y. Let t(i) = i + 7. Let n be t(-9). Let s be 33/9*(-6)/n. What is the highest common divisor of r and s?
11
Let k = -339 - -347. Calculate the highest common divisor of 28 and k.
4
Suppose -z - z = -3*v, 0 = -4*z + 12. Suppose -2*b + 4 = -3*i, v*b + 3*i + 4 = 8. Calculate the highest common divisor of 26 and b.
2
Let s be (-794)/38 + (-12)/114. Let d be ((-18)/s)/(6/252). What is the highest common divisor of d and 180?
36
Let y = 31 + -29. Suppose -g = -y*g + 90. What is the greatest common divisor of g and 10?
10
Suppose 0*b - 190 = -b. Let n = 94 + -18. What is the highest common factor of n and b?
38
Let j = -6998 - -7041. Suppose -5*q - 698 = -2*x, -x - 2*q + 114 = -226. What is the greatest common divisor of j and x?
43
Let g = 196 - 112. Suppose 5*u = 2*m - 395, 4*m = 12*u - 8*u + 820. What is the greatest common divisor of m and g?
42
Let m be -1 - (-4 + 1 - 3). Suppose 0*y - m = -y. Calculate the greatest common divisor of 1 and y.
1
Let n = -45 - -36. Let b = 28 + n. Calculate the highest common divisor of 19 and b.
19
Suppose 0 = 2*x + 2334 - 2376. Calculate the greatest common factor of x and 1953.
21
Let z(b) = -b**2 - 33*b - 25. Let q be z(-14). Suppose 6*n = q + 359. Let l be -1*(-2)/(-2)*-25. Calculate the greatest common factor of l and n.
25
Let r(h) = h**3 + 4*h - 4*h**2 + 6*h**2 - 6*h**2. Let m be r(4). Suppose -2*s + m = -2. What is the greatest common divisor of 9 and s?
9
Suppose m + 2*m + 111 = 2*b, -5*b + 267 = -4*m. Let d be (159/(-12))/(1/4). Let a = d + 87. Calculate the highest common divisor of a and b.
17
Let a = 8 + -6. Suppose -4*j = -0*b - 2*b + 14, a*j = -5*b - 37. Let n be j*3*(-1)/9. What is the highest common divisor of 2 and n?
2
Let k = 7 + -3. Let m = 7 - 18. Let b be (1 + -9)*(9 + m). What is the highest common divisor of b and k?
4
Suppose m + 2*c = 204, -2*m - 851 = -6*m - c. Suppose v - 35 = 3*z, 4*z - m + 39 = -5*v. What is the highest common factor of v and 10?
5
Suppose -2366*f + 3645 = -2357*f. What is the greatest common factor of f and 81?
81
Let b(f) = f - 1. Let d be b(5). Let k be ((-32)/(-10))/(2/20). Let l be 99/44*k/6. Calculate the highest common divisor of d and l.
4
Suppose -7*q + 18 = -10. Calculate the highest common factor of 64 and q.
4
Let i(g) = 25*g - 16. Let z be i(5). Let y = -58 + z. Calculate the greatest common factor of 3 and y.
3
Suppose -m + 0*m = -135. Suppose 0 = 4*p + 5*t - 95, 2*t - 5*t = -4*p + m. What is the greatest common factor of p and 6?
6
Suppose 20*x = 1415 + 185. Calculate the greatest common factor of x and 70.
10
Suppose n = p - 14, -3*n + 5 = 4*p - 16. Calculate the greatest common factor of p and 99.
9
Let a = -688 - -836. What is the greatest common divisor of a and 185?
37
Suppose 1080 = 6*h + 30*h. What is the greatest common factor of h and 30?
30
Let i(y) = -y**2 + 14*y + 5. Let s(u) = -u**3 - 12*u**2 - 12*u + 2. Let j be s(-11). Let q be i(j). Calculate the highest common divisor of 18 and q.
18
Let o(i) = -3 - 4 - i + 6*i. Let m(f) = -5*f - 7. Let z be m(-2). Let w be o(z). What is the highest common divisor of 40 and w?
8
Let g = 206 - 175. Calculate the highest common divisor of 217 and g.
31
Suppose 0 = p + 3, 21748 = 4*n - 65*p + 69*p. What is the highest common divisor of 64 and n?
64
Let s = 25 - 10. Suppose -3*r + 9*i + 143 = 13*i, i - 137 = -3*r. What is the highest common divisor of r and s?
15
Suppose 31*h - 1641 = 28*h + 3*t, 0 = -3*h + 4*t + 1638. What is the highest common factor of 66 and h?
22
Let r(o) = -o**2 + 67*o + 75. Let c be r(0). Calculate the greatest common divisor of 270 and c.
15
Let n = 10 + 3. Suppose -3*o + 14 = 5*j - 2, -4*o + n = 5*j. Suppose -1 = j*m - 6. What is the greatest common factor of 8 and m?
1
Let r = -584 + 707. What is the greatest common factor of 287 and r?
41
Let q(f) = -f - 10. Let b be q(-12). Let p be 2*(b + -5 - -107). What is the greatest common divisor of p and 26?
26
Suppose -2*l = -6*l + 28. Suppose -l*g + 6*g = -4. Let y = 15 - g. What is the greatest common factor of 55 and y?
11
Suppose 2*x + 15 = w, -4*x - x = -w + 15. Calculate the highest common factor of 1200 and w.
15
Suppose 3*w - 462 = -5*r, 0*w = 3*r - 5*w - 250. Calculate the greatest common divisor of r and 198.
18
Let u(b) = -17*b + 9. Let m be u(-5). Suppose n + m = 2*o, -3*o - 2*o = 3*n - 257. What is the highest common divisor of o and 7?
7
Suppose 5*l - 21 = -1, 2*s - 2*l = 34. Suppose m - s = -18. Calculate the highest common divisor of 27 and m.
3
Let w = -763 + 1743. Suppose 2*v - w = -3*a - 2*v, 5*v = -2*a + 651. What is the greatest common factor of 41 and a?
41
Let z = 83 - 27. Suppose -3*w = -3*d - 0*w + 27, 0 = 4*d - 5*w - 37. Calculate the highest common factor of z and d.
8
Let i be (-2 + 4)/(4/(-6)). Let u be 14 + -2 + (-6)/i. What is the highest common divisor of 35 and u?
7
Let z(q) = -2*q + 10. Let d be z(2). Let r = 17 - 11. What is the highest common divisor of d and r?
6
Suppose 513*a - 532*a = -7315. What is the greatest common divisor of a and 22?
11
Let c(i) = 22*i + 10. Let h(a) = -5*a - 3 + 2*a - 4*a. Let f(w) = -2*c(w) - 7*h(w). Let r be f(1). Calculate the highest common divisor of r and 18.
6
Let x = 680 + -637. Calculate the greatest common factor of 2107 and x.
43
Suppose 5*m - 33 = 12. Calculate the greatest common factor of 2 and m.
1
Let k(h) = -63*h - 347. Let m be k(-6). Suppose 0*v = -2*v + 8. Suppose 620 = q + v*q. Calculate the greatest common divisor of q and m.
31
Let y(a) = 2*a**3 - 4*a**2 + 4*a - 4. Let w be y(3). Let r = -103 + 103. Let k be (3 - 4) + 40 + r. Calculate the highest common divisor of k and w.
13
Let a be (4/(-18))/((-1)/9). Suppose -76 = -5*b + a*d, -b + 10 + 19 = -5*d. Let m be (-36)/b*28/(-6). Calculate the highest common factor of 4 and m.
4
Suppose 0 = -24*y + 32*y - 384. What is the highest common factor of 456 and y?
24
Let d be (1 + -3)/(10/(-75)). Suppose 0 = 2*p + 3*p - 675. Calculate the greatest common factor of d and p.
15
Let h = -1288 + 1432. Calculate the highest common factor of h and 468.
36
Let w(g) = -4 + 0*g**2 - 1 + 4*g + 30*g**2. Let x be w(2). Suppose 4*l = -4*q + 156, -l + 4*l - x = -q. Calculate the greatest common divisor of 6 and l.
6
Let u = -5 + 8. Let i(p) = 2*p**3 - 3*p**2 - 2*p + 1. Let s be i(u). What is the highest common factor of s and 2?
2
Let i be 4/12*114/2. Let h = 991 - 839. Calculate the highest common factor of h and i.
19
Suppose 78*i = 88*i - 180. Calculate the highest common factor of 702 and i.
18
Let j be 11/(110/140) + -12. Let l(g) = -2*g + 1. Let s be l(-2). Calculate the highest common divisor of j and s.
1
Let p(b) = -b**3 - 13. Let n be p(-3). Calculate the highest common factor of 259 and n.
7
Suppose 4*o = -3*v - 79, o = 3*o + 2. Let c be (v/(-10) - 3)*-44. What is the highest common factor of 2 and c?
2
Suppose s = -4*i - 0*s + 124, i + 4*s = 31. Let o(c) = -30*c**3 - c**2 - c + 1. Let f be o(-1). What is the greatest common factor of f and i?
31
Let m = 1476 - 1264. What is the highest common factor of m and 371?
53
Let j(h) = h**2 + 23*h - 43. Let n be j(-26). What is the highest common factor of n and 70?
35
Let d(i) = -5 - 4*i + 1 - 7*i**2 + 3*i**2. Let y be d(-2). Let s be (y/(-4) - -1) + -2. What is the greatest common factor of s and 22?
2
Suppose -3*z - 2*t = -27, -45 = -5*z - t - 4*t. Calculate the greatest common divisor of z and 738.
9
Let l = -304 - -492. What is the highest common divisor of 658 and l?
94
Let q = -840 + 1418. 